{"id":97,"date":"2013-02-24T02:21:10","date_gmt":"2013-02-24T07:21:10","guid":{"rendered":"http:\/\/foyerndo.com\/wordpress\/?page_id=97"},"modified":"2026-04-06T22:01:06","modified_gmt":"2026-04-07T02:01:06","slug":"inscription","status":"publish","type":"page","link":"https:\/\/www.foyerndo.org\/wordpress\/programme\/inscription\/","title":{"rendered":"Inscriptions"},"content":{"rendered":"<p><strong><span style=\"text-decoration: underline;\">Pour s&rsquo;inscrire \u00e0 une activit\u00e9<\/span><\/strong><\/p>\n<p>a) T\u00e9l\u00e9charger le <a href=\"https:\/\/www.foyerndo.org\/wordpress\/wp-content\/uploads\/2026\/04\/Bulletin-dinscription-v2JM.docx\">Bulletin d&rsquo;inscription 2026 (Word)<\/a>, le remplir et le poster accompagn\u00e9 des frais d&rsquo;inscription<\/p>\n<p>b) Remplir la demande d&rsquo;inscription attach\u00e9 \u00e0 notre programme et la poster accompagn\u00e9e\u00a0des frais d&rsquo;inscription.<br \/>\nLes <span style=\"text-decoration: underline;\">ch\u00e8ques<\/span> doivent \u00eatre payables \u00e0 l&rsquo;ordre de\u00a0<strong><em>Foyer de Charit\u00e9 NDO.<\/em><\/strong> Merci.<\/p>\n<p><em><strong>Note:<\/strong>\u00a0 Nous consid\u00e9rons une inscription lorsque nous recevons le \u00ab\u00a0Bulletin d&rsquo;inscription\u00a0\u00bb d\u00fbment compl\u00e9t\u00e9 et les frais d&rsquo;inscription. Vous recevrez alors une confirmation par courriel ou par lettre.<\/em><\/p>\n<p style=\"text-align: center;\"><span style=\"font-size: x-large;\"><strong>Frais d&rsquo;inscription<\/strong><\/span><\/p>\n<p style=\"text-align: left;\"><strong>Pour une retraite:\u00a0<\/strong><strong>20$<br \/>\n<\/strong><strong>Pour une r\u00e9collection:\u00a0<\/strong><strong>10$<br \/>\n<\/strong>Ces frais d&rsquo;inscription sont\u00a0<strong>non remboursables.<\/strong><\/p>\n<p style=\"text-align: center;\"><span style=\"font-size: x-large;\"><strong>Frais de s\u00e9jour<\/strong><\/span><\/p>\n<p style=\"text-align: center;\">\u00abQue chacun donne selon ce qu\u2019il a d\u00e9cid\u00e9 dans son coeur,<br \/>\nnon d\u2019une mani\u00e8re chagrine ou contrainte,<br \/>\ncar Dieu aime qui donne avec joie\u00bb (2Co 5,7).<\/p>\n<p>Nous sugg\u00e9rons un montant de 70 $ par nuit, soit 420 $ pour une retraite de 6 jours et 140 $ pour les r\u00e9collections de fin-de-semaine, auquel s\u2019ajoutent les frais d\u2019inscription non remboursables mentionn\u00e9s plus haut.<\/p>\n<p><span style=\"font-weight: 400;\"><strong><em>Note\u00a0: \u00a0<\/em><\/strong><em>S.V.P. Nous vous demandons d\u2019apporter vos serviettes, d\u00e9barbouillettes, savon, papier et crayon pour notes, cadran, le Prions mensuel (si vous le recevez) et effets personnels. Si vous avez des besoins particuliers (ex\u00a0: mobilit\u00e9 r\u00e9duite, d\u00e9placement en chaise roulante ou autre) il est important de nous le mentionner. \u00a0De plus, si vous souffrez d\u2019allergies alimentaires, merci d&rsquo;en avertir le Foyer et d&rsquo;apporter ce qui est n\u00e9cessaire pour vous, car nous ne pr\u00e9parons pas de menus sp\u00e9ciaux<\/em><\/span><em><span style=\"font-weight: 400;\">. <\/span><span style=\"font-weight: 400;\">\u00a0<\/span><b>Il est strictement d\u00e9fendu d\u2019apporter des chandelles ou lampions.<\/b><\/em><\/p>\n<p><span style=\"font-weight: 400;\">Pour favoriser pleinement votre c\u0153ur \u00e0 c\u0153ur avec le Seigneur, nous vous recommandons de <strong>laisser chez vous<\/strong> : ordinateur portable, tablette, i-pod, etc.<\/span><\/p>\n<p style=\"text-align: justify;\">Soyez les bienvenus! Nous vous accueillons avec joie!<\/p>\n<ul class=\"sxc-follow-buttons\"><li class=\"sxc-follow-button\">\n                        <a\n                            href=\"https:\/\/www.facebook.com\/NotreDameDOrleans\"\n                            \n                            title=\"Facebook\"\n                            target=\"_self\"\n                        >\n                            <img decoding=\"async\"\n                                src=\"https:\/\/mail.foyerndo.org\/wordpress\/wp-content\/plugins\/social-media-buttons-toolbar\/inc\/img\/social-media-icons\/facebook.png\"\n                                alt=\"Facebook\"\n                            \/>\n                        <\/a>\n                    <\/li><\/ul>\n<div class=\"su-button-center\"><a href=\"http:\/\/foyerndo.com\/nous-joindre\/\" class=\"su-button su-button-style-default\" style=\"color:#FFFFFF;background-color:#2D89EF;border-color:#246ec0;border-radius:5px\" target=\"_self\"><span style=\"color:#FFFFFF;padding:0px 16px;font-size:13px;line-height:26px;border-color:#6cadf4;border-radius:5px;text-shadow:none\"> Nous joindre<\/span><\/a><\/div>\n","protected":false},"excerpt":{"rendered":"<p>Pour s&rsquo;inscrire \u00e0 une activit\u00e9 a) T\u00e9l\u00e9charger le Bulletin d&rsquo;inscription 2026 (Word), le remplir et le poster accompagn\u00e9 des frais d&rsquo;inscription b) Remplir la demande d&rsquo;inscription attach\u00e9 \u00e0 notre programme et la poster accompagn\u00e9e\u00a0des frais d&rsquo;inscription. Les ch\u00e8ques doivent \u00eatre payables \u00e0 l&rsquo;ordre de\u00a0Foyer de Charit\u00e9 NDO. Merci. Note:\u00a0 Nous consid\u00e9rons une inscription lorsque nous recevons le \u00ab\u00a0Bulletin d&rsquo;inscription\u00a0\u00bb d\u00fbment compl\u00e9t\u00e9 et les frais d&rsquo;inscription. Vous recevrez alors une confirmation par courriel ou par lettre. Frais d&rsquo;inscription Pour une retraite:\u00a020$&hellip;<\/p>\n","protected":false},"author":5,"featured_media":0,"parent":49,"menu_order":13,"comment_status":"closed","ping_status":"closed","template":"","meta":{"footnotes":""},"class_list":["post-97","page","type-page","status-publish","hentry"],"_links":{"self":[{"href":"https:\/\/www.foyerndo.org\/wordpress\/wp-json\/wp\/v2\/pages\/97","targetHints":{"allow":["GET"]}}],"collection":[{"href":"https:\/\/www.foyerndo.org\/wordpress\/wp-json\/wp\/v2\/pages"}],"about":[{"href":"https:\/\/www.foyerndo.org\/wordpress\/wp-json\/wp\/v2\/types\/page"}],"author":[{"embeddable":true,"href":"https:\/\/www.foyerndo.org\/wordpress\/wp-json\/wp\/v2\/users\/5"}],"replies":[{"embeddable":true,"href":"https:\/\/www.foyerndo.org\/wordpress\/wp-json\/wp\/v2\/comments?post=97"}],"version-history":[{"count":65,"href":"https:\/\/www.foyerndo.org\/wordpress\/wp-json\/wp\/v2\/pages\/97\/revisions"}],"predecessor-version":[{"id":4002,"href":"https:\/\/www.foyerndo.org\/wordpress\/wp-json\/wp\/v2\/pages\/97\/revisions\/4002"}],"up":[{"embeddable":true,"href":"https:\/\/www.foyerndo.org\/wordpress\/wp-json\/wp\/v2\/pages\/49"}],"wp:attachment":[{"href":"https:\/\/www.foyerndo.org\/wordpress\/wp-json\/wp\/v2\/media?parent=97"}],"curies":[{"name":"wp","href":"https:\/\/api.w.org\/{rel}","templated":true}]}}