{"id":1700,"date":"2018-01-23T15:53:02","date_gmt":"2018-01-23T20:53:02","guid":{"rendered":"http:\/\/foyerndo.com\/?page_id=1700"},"modified":"2021-08-30T13:23:58","modified_gmt":"2021-08-30T17:23:58","slug":"parrainage-scolaire-au-rwanda","status":"publish","type":"page","link":"https:\/\/www.foyerndo.org\/wordpress\/qui-sommes-nous\/parrainage-scolaire-au-rwanda\/","title":{"rendered":"Parrainage scolaire au Rwanda"},"content":{"rendered":"<p>Il est possible de parrainer un \u00e9tudiant au Rwanda, afin qu&rsquo;il puisse poursuivre les \u00e9tudes secondaires, trouver un emploi digne et aider sa famille.<\/p>\n<p><img loading=\"lazy\" decoding=\"async\" class=\"size-full wp-image-1706 alignright\" src=\"https:\/\/www.foyerndo.org\/wp-content\/uploads\/2018\/01\/image.png\" alt=\"\" width=\"109\" height=\"291\" \/><\/p>\n<p>Avec un montant de seulement 450$, un \u00e9tudiant rwandais paie la scolarit\u00e9 d&rsquo;une ann\u00e9e compl\u00e8te. Le parrain\/marraine re\u00e7oit la photo de l&rsquo;\u00e9tudiant et un bref r\u00e9sum\u00e9 de son histoire.<\/p>\n<p>Les montants inf\u00e9rieurs \u00e0 450$ constituent les dons divers, qui permettent le parrainage d&rsquo;autres enfants.<\/p>\n<p style=\"text-align: left;\">Le parrainage scolaire avec le Rwanda existe depuis 1998. Les \u00e9tudiants parrain\u00e9s sont tous en contact avec le \u00a0<a href=\"https:\/\/www.lesfoyersdecharite.com\/foyer\/remera-ruhondo\/\" target=\"_blank\" rel=\"noopener\">Foyer de Charit\u00e9 Remera Ruhondo.<\/a><\/p>\n<p><span style=\"font-size: 18pt; color: #ff6600;\">Quelques statistiques (1998-2018):<\/span><\/p>\n<ul>\n<li><span style=\"background-color: #ff6600;\"><strong>\u00a0237\u00a0<\/strong><\/span> \u00e9tudiants ont \u00e9t\u00e9 parrain\u00e9s, dont une trentaine se sont m\u00e9rit\u00e9 une bourse universitaire<\/li>\n<li><span style=\"background-color: #ff6600;\"><strong>\u00a068\u00a0<\/strong><\/span> jeunes sont parrain\u00e9s en 2018<\/li>\n<li><span style=\"background-color: #ff6600;\"><strong>\u00a0111\u00a0<\/strong><\/span> parrains\/marraines se sont succ\u00e9d\u00e9s; 56 parrains\/marraines en 2018, dont 36 sont affili\u00e9s au Foyer Notre Dame d&rsquo;Orl\u00e9ans<\/li>\n<li><span style=\"background-color: #ff6600;\"><strong>\u00a0121\u00a0<\/strong><\/span> autres bienfaiteurs ont fait <strong><span style=\"background-color: #ff6600;\">352\u00a0<\/span><\/strong> dons divers<\/li>\n<li><span style=\"background-color: #ff6600;\"><strong>\u00a0240 104 $\u00a0<\/strong><\/span> amass\u00e9s et exp\u00e9di\u00e9s \u00e0 <span style=\"background-color: #ff6600;\"><strong>100%\u00a0<\/strong><\/span> au Rwanda (de ce montant,\u00a0<span style=\"background-color: #ff6600;\"><strong>21 809$\u00a0<\/strong><\/span> proviennent des dons divers)<\/li>\n<\/ul>\n<p style=\"text-align: center;\"><strong><em><span style=\"color: #000000;\">Comment ne pas rendre gr\u00e2ce au Seigneur de nous affilier depuis 20 ans \u00e0 cette oeuvre de partage?<br \/>\nComment ne pas rendre gr\u00e2ce pour ce qu&rsquo;ensemble nous avons r\u00e9alis\u00e9?<br \/>\n<\/span><span style=\"color: #000000;\">Que le Seigneur et la Vierge nous b\u00e9nissent, b\u00e9nissent ceux que nous aimons et ceux que nous aidons<br \/>\net gardent nos coeurs ouverts au partage.<\/span><\/em><\/strong><\/p>\n<p><img loading=\"lazy\" decoding=\"async\" class=\"alignnone wp-image-1792\" src=\"https:\/\/www.foyerndo.org\/wp-content\/uploads\/2018\/01\/IMG_6853-300x200.jpg\" alt=\"\" width=\"547\" height=\"364\" \/><\/p>\n<ul class=\"sxc-follow-buttons\"><li class=\"sxc-follow-button\">\n                        <a\n                            href=\"https:\/\/www.facebook.com\/NotreDameDOrleans\"\n                            \n                            title=\"Facebook\"\n                            target=\"_self\"\n                        >\n                            <img decoding=\"async\"\n                                src=\"https:\/\/www.foyerndo.org\/wordpress\/wp-content\/plugins\/social-media-buttons-toolbar\/inc\/img\/social-media-icons\/facebook.png\"\n                                alt=\"Facebook\"\n                            \/>\n                        <\/a>\n                    <\/li><\/ul>\n<div class=\"su-button-center\"><a href=\"http:\/\/foyerndo.com\/nous-joindre\/\" class=\"su-button su-button-style-default\" style=\"color:#FFFFFF;background-color:#2D89EF;border-color:#246ec0;border-radius:5px\" target=\"_self\"><span style=\"color:#FFFFFF;padding:0px 16px;font-size:13px;line-height:26px;border-color:#6cadf4;border-radius:5px;text-shadow:none\"> Nous joindre<\/span><\/a><\/div>\n","protected":false},"excerpt":{"rendered":"<p>Il est possible de parrainer un \u00e9tudiant au Rwanda, afin qu&rsquo;il puisse poursuivre les \u00e9tudes secondaires, trouver un emploi digne et aider sa famille. Avec un montant de seulement 450$, un \u00e9tudiant rwandais paie la scolarit\u00e9 d&rsquo;une ann\u00e9e compl\u00e8te. Le parrain\/marraine re\u00e7oit la photo de l&rsquo;\u00e9tudiant et un bref r\u00e9sum\u00e9 de son histoire. Les montants inf\u00e9rieurs \u00e0 450$ constituent les dons divers, qui permettent le parrainage d&rsquo;autres enfants. Le parrainage scolaire avec le Rwanda existe depuis 1998. Les \u00e9tudiants parrain\u00e9s&hellip;<\/p>\n","protected":false},"author":5,"featured_media":0,"parent":1523,"menu_order":18,"comment_status":"closed","ping_status":"closed","template":"","meta":{"footnotes":""},"class_list":["post-1700","page","type-page","status-publish","hentry"],"_links":{"self":[{"href":"https:\/\/www.foyerndo.org\/wordpress\/wp-json\/wp\/v2\/pages\/1700","targetHints":{"allow":["GET"]}}],"collection":[{"href":"https:\/\/www.foyerndo.org\/wordpress\/wp-json\/wp\/v2\/pages"}],"about":[{"href":"https:\/\/www.foyerndo.org\/wordpress\/wp-json\/wp\/v2\/types\/page"}],"author":[{"embeddable":true,"href":"https:\/\/www.foyerndo.org\/wordpress\/wp-json\/wp\/v2\/users\/5"}],"replies":[{"embeddable":true,"href":"https:\/\/www.foyerndo.org\/wordpress\/wp-json\/wp\/v2\/comments?post=1700"}],"version-history":[{"count":36,"href":"https:\/\/www.foyerndo.org\/wordpress\/wp-json\/wp\/v2\/pages\/1700\/revisions"}],"predecessor-version":[{"id":3006,"href":"https:\/\/www.foyerndo.org\/wordpress\/wp-json\/wp\/v2\/pages\/1700\/revisions\/3006"}],"up":[{"embeddable":true,"href":"https:\/\/www.foyerndo.org\/wordpress\/wp-json\/wp\/v2\/pages\/1523"}],"wp:attachment":[{"href":"https:\/\/www.foyerndo.org\/wordpress\/wp-json\/wp\/v2\/media?parent=1700"}],"curies":[{"name":"wp","href":"https:\/\/api.w.org\/{rel}","templated":true}]}}